(h) = -28*h + 586. Let o be y(21). Let t(m) = 2*m**2 - 9*m - 17. Calculate t(o).
9
Let w = 58441 + -58436. Let y(s) be the second derivative of s**5/120 - s**4/8 - s**3/6 - s. Let d(h) be the second derivative of y(h). What is d(w)?
2
Let w(m) = 2*m + 5. Let c = -6 - -3. Let n be w(c). Let t(j) = -j - 1. Let u(b) = -b**3 - 5*b**2 + 10*b + 8. Let s(i) = n*u(i) - 4*t(i). What is s(-6)?
-4
Let r(k) = -5*k**2 + 7*k. Let y be r(2). Let l(o) = -3*o. Let f(m) = 14*m - 6. Let z(c) = f(c) + 5*l(c). Give z(y).
0
Let w(j) = -2*j**2 + j + 1. Suppose a = -3*i + 4*a + 192, 0 = 3*i - 5*a - 200. Suppose 0 = -5*h + 35*h + i. Determine w(h).
-9
Let z = 177 + -179. Let a(s) = 2*s**3 - 9 + 2*s**2 + 17 - 2*s - 9. What is a(z)?
-5
Let l(v) = 2*v**2 - 43*v + 9. Let q = -3935 - -3956. Give l(q).
-12
Suppose 96 + 25 = -11*s. Let d(i) = 5*i**3 + 16*i**2 + 14*i - 11. Let m(g) = 9*g**3 + 31*g**2 + 27*g - 22. Let v(q) = 7*d(q) - 4*m(q). Give v(s).
0
Let c(p) = -4*p - 8. Let l = 879 - 90. Let x = -793 + l. What is c(x)?
8
Suppose 2*i + 5*h = 4*i - 16, -4*i + 32 = 2*h. Let s(f) = i*f + 4*f - 9*f + 5 - f**2 + 6*f. Give s(6).
23
Let z(k) be the second derivative of k**5/20 - k**4/12 - 2*k**3 + 3*k**2/2 - 412*k - 1. Give z(-4).
-29
Let b(d) = 37*d**3 - 42*d**2 + 46*d + 50. Let m(u) = -14*u**3 + 14*u**2 - 15*u - 16. Let h(c) = -3*b(c) - 8*m(c). Determine h(-15).
23
Let j(n) = 2*n + 7. Let g = -133 + -67. Let r = 211 + g. What is j(r)?
29
Let w(a) = -a + 37. Let b be w(20). Let h(t) = t - 8 + t + 31 - b. Give h(0).
6
Let p(j) = j**2 + 9*j + 8. Let r = 3498 + -3513. Calculate p(r).
98
Let r(d) = 6*d + 1. Let y(v) = 5*v + 0 - 1 - 3*v - 3*v. Let m(f) = r(f) + 5*y(f). Give m(-3).
-7
Let r = 176 + -173. Let g(u) = 17*u**2 + 36*u + 17. Let m(t) = 3*t**2 + 7*t + 3. Let s(v) = -2*g(v) + 11*m(v). Determine s(r).
5
Suppose -30*a + 38*a = -24. Let q(u) = 9*u + 23. Let k be q(a). Let r(c) = 3 - 4*c**2 + 3*c**2 - 4*c - 1. Calculate r(k).
2
Let r(a) = a**3 + 5*a**2 + 2*a - 4. Suppose -4*n + 13*f - 14*f = -57, -4*n + 59 = 3*f. Let s(q) = 5*q + 4 - 4*q + 33 - 4*q. Let j be s(n). What is r(j)?
-14
Let g = 7 - 10. Let s be 4 + g*(2 + -15). Let w = 40 - s. Let x(b) = -b**2 - 3*b - 1. Calculate x(w).
-1
Let w(b) = -174*b + 138*b + 114 + 17*b. Calculate w(7).
-19
Let b(o) = 14*o**3 + o - 1. Suppose 9 = h - 26. Let d be (1/(-1))/(-2 - h/(-15)). Let r be d*6/(-14) + (-16)/56. Calculate b(r).
14
Let b(v) = v**3 + 6*v**2 - 17*v - 5. Let f = 6826 - 6834. Calculate b(f).
3
Let k be (-3)/6 + (25/(-5) - 2/(-4)). Let u(j) = -2*j + 12. What is u(k)?
22
Let r(g) = -3*g**2 + 0*g**2 + 13*g - 14*g - 2*g**3 - 4. Let u be (-6)/(1/(-138)*9). Suppose -u = 6*h - 74. What is r(h)?
26
Let w(a) be the second derivative of 0 - 180*a + 0*a**2 - 1/2*a**4 + 1/20*a**5 + 5/6*a**3. What is w(5)?
0
Let m(r) be the second derivative of r**4/12 - r**3/6 - r**2 + 627*r + 1. Let k be (7*(1 + 1))/2. Let o = 11 - k. Give m(o).
10
Suppose 123*s = 60*s + 65*s + 14. Let g(f) = f**2 + 9*f + 13. What is g(s)?
-1
Suppose 4*h + h = -2*f - 1021, -3*h + 2*f = 619. Let r = h - -200. Let k(d) = -2*d - 5. Calculate k(r).
5
Let w = 34551 - 34546. Let i(q) = -4*q - q**2 + 0*q**2 - 3 + 12*q. What is i(w)?
12
Let x(n) = 5*n**2 - 9*n + 6. Let f(r) = 6*r**2 - 10*r + 8. Suppose -97*i = -82*i + 90. Let y(a) = i*f(a) + 7*x(a). What is y(-5)?
-16
Let r = -66 + 65. Let m(w) = -w**2 - 2*w. Let t(g) = 3*g**2 - 4*g - 6. Let v(q) = r*t(q) - 2*m(q). What is v(8)?
6
Let t(h) = -12*h - 83. Let a(r) = 26*r + 172. Let g(s) = -3*a(s) - 7*t(s). Give g(-9).
11
Let k be 0/(-5*(-6)/(-30)). Let r(p) = -319*p + 3 + 1 + 318*p. Determine r(k).
4
Let w(y) = -y**3 + 126 - 5*y + 62*y**2 - 124*y**2 - 17*y + 75*y**2. Determine w(12).
6
Let u(b) = b**3 - 1721*b + 857*b - 10 + 6*b**2 + 859*b. Give u(-7).
-24
Let f = -55 - -69. Suppose 4*a = 5*v - 10, -f = 2*a + v + v. Let d(c) be the second derivative of -c**4/12 - c**3 - 2*c**2 - 8*c. What is d(a)?
1
Let z = -24 + 29. Let d(u) be the first derivative of u**4/4 - 4*u**3/3 - 7*u**2/2 - 2138. Give d(z).
-10
Let o(t) be the third derivative of -t**6/40 - t**5/30 + t**4/12 - 27*t**2. Suppose -4*d - 75 = -67. Determine o(d).
12
Let v(p) be the second derivative of -5/2*p**2 - 14*p + 1/12*p**4 + 0 - 1/2*p**3. Suppose -4 = -3*z + 5*z, -4 = -2*t - 2*z. Calculate v(t).
-1
Suppose 7 = s + 6. Let q be 1*(-2 - s) - 1. Let c(v) = -10 + 6*v - 3*v**3 - 2*v - 3*v**2 + 2*v**3 + 8. What is c(q)?
-2
Let f(p) be the third derivative of p**6/120 - 2*p**5/15 - 5*p**4/24 - 23*p**3/6 + 106*p**2 - 4*p. Give f(9).
13
Let w(l) = -l**3 + 5*l**2 + 9*l - 14. Let c(y) = -6*y - 136. Let a be c(-19). Let q be -5 + a*((-36)/(-8))/(-9). Calculate w(q).
4
Suppose 14*x + 86 = 226. Let l be -2*-2*5/x. Let b(q) = 18*q**2 - 46*q**2 - 1 + 14*q**2 + 16*q**l + 3*q**3. What is b(1)?
4
Let u(f) = -8*f + 2. Let y be -3*6/6 - -138. Let h = y - 134. Give u(h).
-6
Suppose -i + 3 - 2 = 3*l, -3*i + 11 = l. Let y(k) = i + 5 + 2*k - 2. Suppose -41*g = 20*g + 4*g + 325. What is y(g)?
-3
Let t be (-1202)/8 - 39/52. Let y = -161 - t. Let p(i) = -i**2 - 9*i + 7. What is p(y)?
-3
Let f = -305 + 431. Let m be f/30 + -5 + (-4)/20. Let t(w) = -4*w**2 - 2*w - 1. What is t(m)?
-3
Suppose -39 + 29 = 10*n. Let p(m) = 4*m**2 - 4*m - 4. Let g be p(-1). Let z(a) = -a**3. Let l(i) = -15*i**3 - i**2 - i. Let y(h) = g*z(h) - l(h). Give y(n).
-11
Let m(u) = -19*u**3 - 14*u**2 + 32*u - 86. Let l(h) = -54*h**3 - 38*h**2 + 94*h - 259. Let a(q) = 6*l(q) - 17*m(q). What is a(11)?
7
Let t(n) be the third derivative of n**6/120 + n**5/15 - 5*n**4/8 - 19*n**3/6 - 6*n**2 - 4*n. Let a be t(-6). Let v(b) = 5*b**2 - 1. What is v(a)?
4
Let h(i) = 7*i**2 - 1821*i + 1817. Let w be h(1). Suppose -4*m + 9*m - 10 = 0. Let z(g) = g**3 - 3 - 6*g + 5 + m*g. Calculate z(w).
17
Suppose a + l - 68 = 0, 3*a + 49 = 5*l + 245. Let s = 339 + -413. Let c = a + s. Let o(r) = 2*r + 6. What is o(c)?
-8
Let a(m) be the third derivative of m**7/840 - m**6/90 - m**5/60 + m**4/6 + 21*m**3/2 - 2*m**2 + 11*m. Let y(h) be the first derivative of a(h). What is y(3)?
-11
Let q(p) = -31*p - 155. Let x be q(-5). Let s(d) = -2 + 1 - d + 7*d. Let f(m) = -5*m + 2. Let w(u) = 5*f(u) + 4*s(u). Give w(x).
6
Suppose 6*u - 54 = -12. Let z be (-39)/5 + u/(-35). Let a be 30/27 + z/72. Let l(b) = -10*b**2 + 2*b - 1. What is l(a)?
-9
Let r(m) = m + 9. Let x(q) = 7*q + 25. Let o(i) = -4*r(i) + x(i). Let w be (5 + -2)*(1 + 1). What is o(w)?
7
Suppose 12*d - 11 = d. Let p(z) = 18*z + 14. Let u(w) = w + 1. Let k(q) = 2*p(q) - 28*u(q). Determine k(d).
8
Let j(b) be the first derivative of b**3/3 - b**2/2 + 73. Let h(z) = -3*z + 1. Let y(i) = -h(i) - 2*j(i). What is y(5)?
-26
Let c(s) be the second derivative of s**4/12 - s**3 - 19*s**2/2 + 3440*s. What is c(8)?
-3
Let n(p) = -4*p**2 - 1. Let u(d) = -d**3 - 3*d**2 - 4*d - 9. Let r(a) = -2*n(a) + u(a). What is r(6)?
-67
Let w(q) = q - 2. Let h(u) = -14*u - 353. Let s be h(-25). What is w(s)?
-5
Let b(g) = -g**2 - 1. Let h(d) = -5*d**2 - 9*d - 13. Let f(z) = 4*b(z) - h(z). Let t be (-4)/52 - 180/26. Give f(t).
-5
Let y(t) = -36*t + 1. Let s = -1340 + 1339. Determine y(s).
37
Let b(i) be the first derivative of i**5/30 - 19*i**4/24 + 15*i**3 - 213. Let j(y) be the third derivative of b(y). Determine j(6).
5
Let c(n) = n**3 + 7*n**2 - n + 8. Let f be 3/(-27) - (-895)/(-45). Let q be 1 - (-30)/f*(-48)/(-9). What is c(q)?
15
Let u(a) be the third derivative of a**5/60 - 5*a**4/12 + a**3/3 - 2684*a**2 - 2. Give u(9).
-7
Suppose -105*x - 39 = -104*x + 2*c, 0 = -4*x - 4*c - 144. Let n(k) = k**2 + 35*k + 63. Give n(x).
-3
Let g(n) be the third derivative of 7*n**6/120 + n**5/60 - 11*n**4/24 + 3*n**3/2 + 2*n**2 - 6*n + 236. Calculate g(1).
6
Let a(w) be the second derivative of w**3/6 + 2*w**2 - w. Let h(q) = -367 - 51*q + 27*q - 50*q. Let i be h(-5). Determine a(i).
7
Suppose 5*i + 42 = -2*b - 20, 2*b = -3*i - 38. Let n(s) = s**3 + 12*s**2 - 2*s + 10. What is n(i)?
34
Let a(k) = 2*k**2 - 4*k + 4. Let m(c) = -5*c**2 + 7*c - 9. Let d(i) = -7*a(i) - 3*m(i). Suppose -11 = -y - 18, -y + 38 = -9*n. Give d(n).
-11
Let n(t) = -63*t - 53*t - 56*t - 42*t - 2 + 189*t. Give n(2).
-52
Let l(x) be the second derivative of -x**5/20 - x**3/6 + 5*x**2/2 - 6*x + 197. Give l(3).
-25
Suppose -4*z = 3*x + 1, 2*x + 98 = z + 101. Suppose 2